{"id":2112,"date":"2014-06-06T16:39:38","date_gmt":"2014-06-06T14:39:38","guid":{"rendered":"https:\/\/moor.intewo.mobi\/?page_id=2112"},"modified":"2019-11-20T18:30:43","modified_gmt":"2019-11-20T17:30:43","slug":"meile-allee","status":"publish","type":"page","link":"https:\/\/moor.intewo.mobi\/?page_id=2112","title":{"rendered":"Meile Allee"},"content":{"rendered":"<p style=\"color: #666666;\">Der Brunnentempel ist Mittelpunkt des Ortes und zugleich das Symbol f\u00fcr das Staatsbad Meinberg. Von dort f\u00fchren vier Achsen sternf\u00f6rmig in jede Himmelsrichtung: Gen Norden und S\u00fcden zu den beiden ehemaligen Logierh\u00e4usern Stern und Rose, gen Osten durch Parklandschaften in die Natur sowie gen Westen auf der Allee \u201ehinaus in die Welt\u201c. Diese Meile von Linden verbindet den Historischen Kurpark und den Kreisverkehr f\u00fcr die Bundes- und Bahnhofstra\u00dfe. Auf der Mitte der Allee bilden Markt- und Krumme Stra\u00dfe einen kleinen Platz mit der Touristinformation als zentraler Anlaufstelle f\u00fcr unsere G\u00e4ste. Hier erhalten Sie Wanderkarten, Theaterkarten, Postkarten, Spielkarten und vieles mehr \u2013 nat\u00fcrlich auch die entsprechenden \u201eHintergrundinformationen\u201c \u00fcber Horn-Bad Meinberg und die gesamte Region im Land des Hermann.<\/p>\n<p style=\"color: #666666;\">Von hier entdecken Sie mit dem Historischen Kurpark und dem Kurtheater im R\u00fccken unsere weiteren touristische Ziele: die sogar in China bekannten Externsteine, das Wanderparadies Silberbachtal, das Naturschutzgebiet Norderteich, den historischen Stadtkern und das Burgmuseum Horn sowie die Freilichtb\u00fchne Bellenberg. Horn-Bad Meinberg ist Treffpunkt internationaler Rad- und Wanderwege und mittlerweile bekannt als Wanderstern der Hermannsh\u00f6hen.<\/p>\n<p style=\"color: #666666;\">Die Meinberger Moormeile verbindet mit einem 3,6 km langen Spaziergang den Ortsmittelpunkt mit dem Moor-Erlebnispfad. Dort erfahren Sie mehr \u00fcber Buchenwald, Bachtal, Moorstich, Abbbaubecken, Pumpenhaus, Moor-Pipeline, Moorlage, Galloway-Wiese und Industriegeschichte bevor Sie \u00fcber die \u201eHaltestellen\u201c Graf, Stern und Kaiser wieder in den Ort zur\u00fcck geleitet werden.<\/p>\n<p style=\"color: #666666;\">Natur \u2013 Kultur \u2013 Gesundheit: Diesen Dreiklang \u201eh\u00f6ren\u201c Sie immer wieder auf Ihren Wegen durch Horn-Bad Meinberg im Naturpark Teutoburger Wald \/ Eggegebirge.<\/p>\n","protected":false},"excerpt":{"rendered":"<p>Der Brunnentempel ist Mittelpunkt des Ortes und zugleich das Symbol f\u00fcr das Staatsbad Meinberg. Von dort f\u00fchren vier Achsen sternf\u00f6rmig in jede Himmelsrichtung: Gen Norden und S\u00fcden zu den beiden ehemaligen Logierh\u00e4usern Stern und Rose, gen Osten durch Parklandschaften in die Natur sowie gen Westen auf der Allee \u201ehinaus in die Welt\u201c. Diese Meile von &hellip; <\/p>\n<p class=\"link-more\"><a href=\"https:\/\/moor.intewo.mobi\/?page_id=2112\" class=\"more-link\"><span class=\"screen-reader-text\">\u201eMeile Allee\u201c<\/span> weiterlesen<\/a><\/p>\n","protected":false},"author":1,"featured_media":0,"parent":0,"menu_order":0,"comment_status":"open","ping_status":"closed","template":"","meta":{"ngg_post_thumbnail":0,"footnotes":""},"class_list":["post-2112","page","type-page","status-publish","hentry"],"_links":{"self":[{"href":"https:\/\/moor.intewo.mobi\/index.php?rest_route=\/wp\/v2\/pages\/2112","targetHints":{"allow":["GET"]}}],"collection":[{"href":"https:\/\/moor.intewo.mobi\/index.php?rest_route=\/wp\/v2\/pages"}],"about":[{"href":"https:\/\/moor.intewo.mobi\/index.php?rest_route=\/wp\/v2\/types\/page"}],"author":[{"embeddable":true,"href":"https:\/\/moor.intewo.mobi\/index.php?rest_route=\/wp\/v2\/users\/1"}],"replies":[{"embeddable":true,"href":"https:\/\/moor.intewo.mobi\/index.php?rest_route=%2Fwp%2Fv2%2Fcomments&post=2112"}],"version-history":[{"count":11,"href":"https:\/\/moor.intewo.mobi\/index.php?rest_route=\/wp\/v2\/pages\/2112\/revisions"}],"predecessor-version":[{"id":2233,"href":"https:\/\/moor.intewo.mobi\/index.php?rest_route=\/wp\/v2\/pages\/2112\/revisions\/2233"}],"wp:attachment":[{"href":"https:\/\/moor.intewo.mobi\/index.php?rest_route=%2Fwp%2Fv2%2Fmedia&parent=2112"}],"curies":[{"name":"wp","href":"https:\/\/api.w.org\/{rel}","templated":true}]}}