{"id":2088,"date":"2014-06-06T16:32:33","date_gmt":"2014-06-06T14:32:33","guid":{"rendered":"https:\/\/moor.intewo.mobi\/?page_id=2088"},"modified":"2019-11-20T18:30:43","modified_gmt":"2019-11-20T17:30:43","slug":"einfuehrung-moor-im-staatsbad-meinberg","status":"publish","type":"page","link":"https:\/\/moor.intewo.mobi\/?page_id=2088","title":{"rendered":"Moor-Erlebnispfad"},"content":{"rendered":"<p><span style=\"color: #666666;\">Der GPS-Pfad im Staatsbad Meinberg ist in zwei Abschnitte geteilt: Der Moorpfad erschlie\u00dft das Schwefelmoor \u201eStinkebrink\u201c und seine Umgebung. Die Moormeile dagegen verbindet den Moorpfad mit dem Stadtkern von Bad Meinberg, vorbei an einigen historischen Sehensw\u00fcrdigkeiten.<\/span><\/p>\n<p><span style=\"color: #666666;\"> Am Moorpfad ist der Moorstich im Stinkebrink die erste Station. Dieses Moorgebiet verdankt seinen Namen dem schwefeligen Geruch, der besonders an warmen Tagen aus dem feuchten Boden emporsteigt. Hier wird der im Kurort Bad Meinberg verwendete Badetorf gef\u00f6rdert und nach Gebrauch wieder ins Moor eingebracht, damit er sich regenerieren kann. Auf diese Art und Weise kann das Moor nachhaltig genutzt und zugleich mit seiner Artenvielfalt bewahrt werden.<\/span><\/p>\n<p><span style=\"color: #666666;\"> Naturschutz wird auch am Rande des Moores betrieben. Zum Beispiel auf der angrenzenden Wiese, die von Galloway-Rindern beweidet wird, um die abwechslungsreiche Kulturlandschaft zu erhalten.<\/span><\/p>\n<p><span style=\"color: #666666;\"> Auch historisch birgt das Gebiet interessante Aspekte: Nicht weit vom Moor entfernt befindet sich die 1939 gegr\u00fcndete Siedlung \u201eMoorlage\u201c. Der Anlass ihrer Gr\u00fcndung war die Aufl\u00f6sung des Sennedorfes Haustenbeck aufgrund von Vergr\u00f6\u00dferungen des Truppen\u00fcbungsplatzes Senne. Hier am Rande von Bad Meinberg fanden einige Haustenbecker ihre neue Heimat.<\/span><\/p>\n<p><span style=\"color: #666666;\"> Durch das Tal der Napte f\u00fchrt unser Weg in Richtung Bad Meinberg. Der Kurpark mit dem Brunnentempel und das traditionsreiche Hotel \u201eZum Stern\u201c mit dem angeschlossenen Stern-Gesundheitszentrum sind Teil des aktuellen Kurbetriebes, welcher sich ohne die Moorvorkommen im Stinkebrink nicht in seiner heutigen Form entwickelt h\u00e4tte.<\/span><\/p>","protected":false},"excerpt":{"rendered":"<p>Der GPS-Pfad im Staatsbad Meinberg ist in zwei Abschnitte geteilt: Der Moorpfad erschlie\u00dft das Schwefelmoor \u201eStinkebrink\u201c und seine Umgebung. Die Moormeile dagegen verbindet den Moorpfad mit dem Stadtkern von Bad Meinberg, vorbei an einigen historischen Sehensw\u00fcrdigkeiten. Am Moorpfad ist der Moorstich im Stinkebrink die erste Station. Dieses Moorgebiet verdankt seinen Namen dem schwefeligen Geruch, der &hellip; <\/p>\n<p class=\"link-more\"><a href=\"https:\/\/moor.intewo.mobi\/?page_id=2088\" class=\"more-link\"><span class=\"screen-reader-text\">\u201eMoor-Erlebnispfad\u201c<\/span> weiterlesen<\/a><\/p>\n","protected":false},"author":1,"featured_media":2083,"parent":0,"menu_order":0,"comment_status":"open","ping_status":"closed","template":"","meta":{"ngg_post_thumbnail":0,"footnotes":""},"class_list":["post-2088","page","type-page","status-publish","has-post-thumbnail","hentry"],"_links":{"self":[{"href":"https:\/\/moor.intewo.mobi\/index.php?rest_route=\/wp\/v2\/pages\/2088","targetHints":{"allow":["GET"]}}],"collection":[{"href":"https:\/\/moor.intewo.mobi\/index.php?rest_route=\/wp\/v2\/pages"}],"about":[{"href":"https:\/\/moor.intewo.mobi\/index.php?rest_route=\/wp\/v2\/types\/page"}],"author":[{"embeddable":true,"href":"https:\/\/moor.intewo.mobi\/index.php?rest_route=\/wp\/v2\/users\/1"}],"replies":[{"embeddable":true,"href":"https:\/\/moor.intewo.mobi\/index.php?rest_route=%2Fwp%2Fv2%2Fcomments&post=2088"}],"version-history":[{"count":6,"href":"https:\/\/moor.intewo.mobi\/index.php?rest_route=\/wp\/v2\/pages\/2088\/revisions"}],"predecessor-version":[{"id":2242,"href":"https:\/\/moor.intewo.mobi\/index.php?rest_route=\/wp\/v2\/pages\/2088\/revisions\/2242"}],"wp:featuredmedia":[{"embeddable":true,"href":"https:\/\/moor.intewo.mobi\/index.php?rest_route=\/wp\/v2\/media\/2083"}],"wp:attachment":[{"href":"https:\/\/moor.intewo.mobi\/index.php?rest_route=%2Fwp%2Fv2%2Fmedia&parent=2088"}],"curies":[{"name":"wp","href":"https:\/\/api.w.org\/{rel}","templated":true}]}}